10
Let m(i) = 2*i**3 - 21*i**2 - 20*i + 117. Let w be m(11). Let k = 26 + 64. What is the greatest common factor of w and k?
18
Suppose 3*j - 5*o + 5 = 0, -29 + 6 = 5*j - o. Let z be 0 + (j - -1) + 16. Calculate the greatest common factor of z and 96.
12
Suppose -5*c = 3*a - 648, 0 = 5*c - 3*a + 8*a - 640. Suppose -s + c = s. Calculate the greatest common factor of 44 and s.
22
Let i be (-47 - -51) + (2 - -919). Calculate the greatest common factor of i and 100.
25
Suppose 0 = -h - 8*h + 18. Let c be (-114)/(-7) - (-6)/(-21). What is the highest common factor of c and h?
2
Let s be ((-16)/3 + (-1)/(-3))/(-1). Let x(d) = 4*d + 2. Let r be x(s). What is the highest common divisor of 2 and r?
2
Let t = -519 - -521. Let m(w) = 3*w - 4. Let v be m(3). Suppose 0 = 4*o - 4*z - 28, -v*o + t*o + z = -15. What is the greatest common factor of o and 12?
4
Suppose -39*o + 177 - 60 = 0. Suppose -5*c = -5*v - 3*c + 83, -41 = -3*v - c. What is the highest common divisor of o and v?
3
Suppose 3*x + 378 = -5*r, 0 = 2*r - 0*x - 3*x + 168. Let j = r + 148. Let n be (-69)/(-12) + -6 + 226/8. What is the greatest common divisor of j and n?
14
Suppose 294 = 65*u - 63*u. Let h = u - -123. Calculate the highest common factor of h and 30.
30
Let p = -974 + 1304. What is the highest common divisor of p and 44?
22
Suppose -k + 5*y + 44 = 0, 2*k + 0*y - 3*y = 67. What is the greatest common factor of 899 and k?
29
Suppose 0 = 4*k + k + 10. Let d be (-3 - 29/2)*k. What is the highest common factor of 7 and d?
7
Suppose 64 - 654 = -2*l. What is the highest common factor of 118 and l?
59
Let v = 111 - -26. Let q = v + -57. Calculate the greatest common divisor of q and 20.
20
Suppose -232 = -4*s + 4*v, s - 4*v = -5*v + 52. What is the highest common divisor of 11 and s?
11
Let c = 419 - 408. What is the highest common factor of c and 869?
11
Let s = 1089 - 1075. Suppose -4*r + 336 = -2*r. What is the greatest common divisor of s and r?
14
Let j(s) = 317*s**2 + 3*s - 1. Let q be j(2). Suppose 4*u + 405 - q = 0. Let l = -41 - -72. Calculate the highest common divisor of l and u.
31
Suppose -7*f = -5*f + 4, -2*s - 2*f + 2320 = 0. Calculate the greatest common factor of s and 14.
14
Suppose -2*o + 309 - 63 = 0. Let n = 138 - o. What is the greatest common factor of n and 10?
5
Let o(k) = 2*k**2 - 25*k + 9. Let z be o(17). Calculate the highest common divisor of z and 18.
18
Let j(r) = 11*r**2 + 5. Let n = -48 + 51. Let b be j(n). Calculate the highest common factor of b and 8.
8
Suppose 0 = -2*n + 7*n - 20. Suppose -w + n = 3*w. Let h = 1 + 0. Calculate the highest common divisor of h and w.
1
Suppose 0 = -57*n + 61*n - 52. What is the highest common divisor of n and 481?
13
Suppose -3*p = -2*y + 31, 5*p = 2*y - 16 - 17. Suppose 0 = 2*r + n - 34 - 76, -4*r + 216 = 4*n. What is the highest common divisor of r and y?
14
Let b = -65 - -785. What is the highest common factor of 60 and b?
60
Suppose -5*q = -1 - 14. Suppose 0 = 5*v - 2*n - q*n - 460, n = -4*v + 388. Calculate the greatest common factor of v and 12.
12
Let b(g) = g**2 - 3*g - 194. Let a be b(-13). Let p be 112/1*(-2)/(-4). Calculate the highest common factor of a and p.
14
Let s = 21 - 30. Let a(b) = -4*b - 28. Let c be a(s). What is the highest common factor of c and 56?
8
Suppose -i + 480 = 5*s - 1043, -3*s + 3*i = -903. Calculate the highest common factor of 19 and s.
19
Let l = 186 - 96. What is the greatest common factor of l and 18?
18
Suppose -8*y + 9 = -23. Calculate the greatest common divisor of y and 1168.
4
Suppose 110 = 130*c - 125*c. Let f = 564 - 322. Calculate the highest common factor of f and c.
22
Let l be (2/8)/((-10)/(-160)). Suppose -2*k = -0*k. Suppose -2*q + 20 - 4 = k. Calculate the highest common divisor of l and q.
4
Suppose 3 = -2*w + 35. Let g = w - 8. Let m be (-65)/(-20) + (-2)/g. What is the highest common factor of m and 15?
3
Suppose -k + 25 - 33 = 0. Let l(w) = w**3 + 9*w**2 - 6*w - 19. Let g be l(k). What is the greatest common divisor of g and 62?
31
Let k be 3/(9/(-12)) + -3 + 189. What is the highest common factor of k and 52?
26
Let s = -16 - -14. Let t be ((-27)/(-12))/(s/(-392)). Let n be t/35 - 4/(-10). What is the highest common factor of 65 and n?
13
Let y be (-4 - -10)/36 - (-311)/6. What is the highest common factor of 819 and y?
13
Let m = -171 - -186. Calculate the greatest common factor of 1065 and m.
15
Let o be (2 - -1)/(3/315*1). Suppose -57*b + 70 = -55*b. What is the highest common divisor of b and o?
35
Suppose -45*y = -7*y - 17936. Calculate the greatest common divisor of y and 24.
8
Let p = -406 - -410. Let i be 2/2 + 3 + 6. What is the highest common factor of p and i?
2
Let q be (-2236)/(-5) - (-72)/90. What is the highest common divisor of q and 56?
56
Suppose 3*k - 34 = -4*b, 3*b - 73 = -5*k - 20. Let w be 10 + 4/2 + -2. What is the greatest common factor of k and w?
10
Suppose -c = 87 - 280. Let m = 0 + 3. Suppose 0 = m*d + 46 - c. What is the highest common factor of 7 and d?
7
Suppose d - 30 = -2*d - 4*b, 12 = -4*b. Let j(l) = l**3 + 8*l**2 + 3*l - 5. Let r be j(-6). Calculate the greatest common factor of r and d.
7
Let f = 916 + -802. Let o(h) = 18*h + 4. Let x be o(4). Calculate the greatest common divisor of f and x.
38
Suppose -5*c + 4*c = -6. Calculate the greatest common divisor of 14 and c.
2
Suppose 0 = 3*y + 16*y - 1881. Calculate the highest common divisor of 66 and y.
33
Let t(c) = 11*c**2 + 4*c - 41. Let r(a) = 4*a**2 + a - 14. Let s(o) = -8*r(o) + 3*t(o). Let b be s(-15). Calculate the greatest common factor of b and 22.
22
Let b(a) = -2*a**2 + 17*a - 7. Let g be b(8). Let o(i) = 11*i**3 + i - 1 + 19*i**3 + 0. Let m be o(g). Calculate the highest common divisor of 150 and m.
30
Let s = -303 + 366. Calculate the greatest common factor of 84 and s.
21
Let l be (-76)/28 + 2/(-7). Let k(z) = 8*z**2 + 18*z + 2. Let v be k(l). Calculate the highest common divisor of 40 and v.
20
Suppose 99 = 4*r - 237. Let q(n) = -n**3 + 31*n**2 - 59*n + 50. Let o be q(29). Calculate the highest common divisor of r and o.
21
Let q = -439 + 430. Suppose 2*r - 3*x = 21, 56 = 3*r - 2*x + 12. Let t = q + r. What is the greatest common factor of 36 and t?
9
Suppose -5*b + 1 = 6. Let x be ((0 - -16)/b)/(-2). What is the greatest common divisor of x and 4?
4
Let c be (-56)/12*(-5)/(105/18). Suppose 0 = b + 2*u - 73, -b + 2*b - 49 = c*u. What is the highest common factor of 26 and b?
13
Suppose 663*c - 666*c + 81 = 2*f, -5*f - 3*c = -225. Suppose 2*n + 0*n - 256 = 0. Suppose 0 = -3*w - w + n. Calculate the greatest common factor of w and f.
16
Let g(z) = 2*z + 16*z**2 - z + 90 - 2*z - 92. Let l be g(2). Calculate the greatest common factor of 12 and l.
12
Let s = -155 + 209. What is the highest common factor of 2 and s?
2
Suppose 8*h = 6*h - 38. Let v = 24 + h. Suppose 100 = 5*m - v*u, 4*u - u = -m + 16. What is the greatest common factor of 171 and m?
19
Let r(a) = 16*a + 1 + 3*a**2 + a**2 - 16*a. Let j be r(1). Suppose -s = j*p - 63 + 18, 4*p + 2*s = 36. Calculate the greatest common factor of 18 and p.
9
Let f be 10716/912 - (0 + 1/(-4)). Calculate the greatest common factor of f and 28.
4
Let b(v) = v**2 - 7*v - 7. Let q(j) = 2*j**2 - 13*j - 14. Let l(a) = 13*b(a) - 6*q(a). Let s be l(14). Calculate the highest common factor of s and 14.
7
Let i be (-3)/(-6)*16/4. Suppose 3 = i*t - 1. Let r be 99*1*(t + -1). What is the highest common divisor of 9 and r?
9
Suppose -2*c + 46 = 50, -2*k + 20 = c. Calculate the highest common factor of k and 869.
11
Let x = -73 + 72. Let i be 24 - (x - (1 - 3)). What is the greatest common divisor of 115 and i?
23
Let c(h) = 96*h - 384. Let d be c(11). What is the highest common divisor of 21 and d?
21
Suppose -4*r + 122 + 12 = 2*t, 0 = 2*r + 4*t - 58. Let s = 91 - 112. Let g = r + s. What is the highest common divisor of g and 112?
14
Let s be 26/(-4)*(-1820)/845. What is the highest common factor of 518 and s?
14
Let l be 1/4 - 22/(-8). Let f be (30/(-9))/((-2)/l). Suppose -120 = d - f*d. Calculate the greatest common divisor of 150 and d.
30
Suppose 4*z - 5 = 9*z. Let q(w) = -44*w - 4. Let l be q(z). What is the highest common factor of l and 10?
10
Let i(h) = 9*h - 7*h + 2 + 2*h. Suppose -4*g + 0*m = -5*m - 36, 16 = -4*m. Let u